nvert -302 (base 4) to base 7.
-101
Convert -65 (base 10) to base 4.
-1001
2 (base 6) to base 13
2
3 (base 13) to base 12
3
-40 (base 7) to base 12
-24
Convert 3 (base 6) to base 13.
3
Convert 40 (base 11) to base 2.
101100
Convert 10 (base 3) to base 14.
3
2a (base 14) to base 4
212
What is -10 (base 14) in base 13?
-11
-22 (base 4) to base 7
-13
Convert -59 (base 16) to base 14.
-65
Convert -122 (base 3) to base 4.
-101
What is -21 (base 14) in base 7?
-41
72 (base 13) to base 8
135
100 (base 2) to base 15
4
What is 3 (base 11) in base 15?
3
9 (base 12) to base 8
11
0 (base 13) to base 11
0
What is -221 (base 6) in base 3?
-10011
Convert -4 (base 14) to base 11.
-4
What is c7 (base 14) in base 5?
1200
126 (base 9) to base 11
96
-25 (base 7) to base 13
-16
What is 203 (base 5) in base 9?
58
1 (base 16) to base 9
1
Convert 20 (base 15) to base 10.
30
1 (base 12) to base 16
1
What is 223 (base 10) in base 15?
ed
What is 13 (base 12) in base 14?
11
Convert -5 (base 16) to base 7.
-5
Convert -6 (base 12) to base 2.
-110
-1 (base 8) to base 10
-1
What is -3 (base 9) in base 7?
-3
-11 (base 3) to base 14
-4
Convert 5 (base 16) to base 5.
10
What is -3102 (base 4) in base 9?
-253
-87 (base 9) to base 6
-211
Convert 0 (base 15) to base 3.
0
What is -230 (base 8) in base 2?
-10011000
-110 (base 3) to base 11
-11
Convert -24 (base 13) to base 3.
-1010
What is 10 (base 3) in base 2?
11
What is 34 (base 10) in base 14?
26
What is 7b (base 15) in base 8?
164
-10 (base 4) to base 6
-4
-34 (base 9) to base 2
-11111
Convert -10 (base 3) to base 12.
-3
What is 0 (base 11) in base 15?
0
Convert -11 (base 13) to base 6.
-22
What is 6 (base 14) in base 8?
6
-12 (base 5) to base 12
-7
2 (base 7) to base 15
2
1 (base 13) to base 4
1
1 (base 12) to base 2
1
What is 120 (base 4) in base 9?
26
Convert a (base 14) to base 4.
22
1 (base 5) to base 2
1
Convert -2 (base 4) to base 6.
-2
Convert -345 (base 6) to base 4.
-2021
Convert 4a (base 12) to base 7.
112
Convert -9 (base 10) to base 16.
-9
What is 37 (base 11) in base 8?
50
What is 2 (base 10) in base 5?
2
-1222 (base 4) to base 13
-82
What is -2 (base 4) in base 10?
-2
Convert -312 (base 9) to base 3.
-100102
58 (base 11) to base 9
70
What is -6 (base 11) in base 6?
-10
-21 (base 3) to base 13
-7
What is -11d (base 16) in base 13?
-18c
-7 (base 16) to base 10
-7
What is -42 (base 16) in base 6?
-150
What is -1110 (base 4) in base 13?
-66
Convert -34 (base 5) to base 6.
-31
What is -8 (base 15) in base 12?
-8
What is -11 (base 16) in base 8?
-21
-5 (base 16) to base 6
-5
-11 (base 8) to base 2
-1001
Convert 77 (base 8) to base 6.
143
What is -4 (base 6) in base 5?
-4
-31 (base 15) to base 10
-46
-d (base 16) to base 11
-12
Convert 1 (base 13) to base 11.
1
32 (base 8) to base 16
1a
What is 1 (base 16) in base 12?
1
Convert -5 (base 12) to base 5.
-10
What is 1 (base 13) in base 3?
1
300 (base 4) to base 6
120
What is 1 (base 9) in base 15?
1
Convert 0 (base 4) to base 6.
0
Convert -11 (base 8) to base 5.
-14
What is -32 (base 5) in base 6?
-25
-81 (base 9) to base 11
-67
What is 26 (base 7) in base 6?
32
2 (base 16) to base 4
2
Convert -5 (base 12) to base 15.
-5
What is b (base 13) in base 2?
1011
What is 3 (base 8) in base 11?
3
-a8 (base 14) to base 4
-2110
2110 (base 3) to base 9
73
Convert -1 (base 10) to base 5.
-1
What is -102 (base 3) in base 4?
-23
52 (base 6) to base 11
2a
What is a (base 11) in base 12?
a
Convert -331 (base 7) to base 11.
-144
Convert 6 (base 13) to base 12.
6
Convert -6 (base 14) to base 2.
-110
What is -6 (base 13) in base 3?
-20
0 (base 5) to base 2
0
-2 (base 16) to base 3
-2
-100111 (base 2) to base 3
-1110
What is -6 (base 10) in base 3?
-20
-20 (base 4) to base 7
-11
Convert -47 (base 9) to base 15.
-2d
Convert 0 (base 8) to base 16.
0
Convert 112 (base 4) to base 5.
42
What is 6 (base 8) in base 15?
6
What is 10 (base 11) in base 3?
102
What is 5 (base 9) in base 5?
10
What is 30 (base 4) in base 11?
11
Convert -33 (base 7) to base 10.
-24
What is -13 (base 7) in base 6?
-14
What is 3 (base 5) in base 12?
3
13 (base 8) to base 2
1011
-32 (base 14) to base 6
-112
Convert -20 (base 8) to base 6.
-24
What is -28 (base 13) in base 9?
-37
What is -23 (base 5) in base 4?
-31
a1 (base 16) to base 3
12222
Convert 22 (base 4) to base 14.
a
79 (base 13) to base 5
400
68 (base 15) to base 8
142
What is -4 (base 10) in base 11?
-4
Convert -4 (base 6) to base 15.
-4
-90 (base 15) to base 11
-113
-2 (base 8) to base 9
-2
What is -92 (base 14) in base 9?
-152
-12 (base 7) to base 12
-9
What is -103 (base 4) in base 10?
-19
25 (base 10) to base 15
1a
6 (base 16) to base 5
11
Convert -2 (base 3) to base 10.
-2
-2 (base 14) to base 7
-2
Convert -13 (base 5) to base 9.
-8
What is 101 (base 3) in base 13?
a
Convert -9 (base 12) to base 8.
-11
What is -4 (base 9) in base 4?
-10
What is 5 (base 15) in base 12?
5
What is 43 (base 9) in base 6?
103
4 (base 10) to base 12
4
-10 (base 2) to base 6
-2
-247 (base 9) to base 15
-da
-2 (base 11) to base 8
-2
What is -12 (base 8) in base 13?
-a
-2402 (base 5) to base 3
-111001
153 (base 6) to base 4
1011
What is -142 (base 5) in base 10?
-47
-44 (base 15) to base 3
-2101
-3 (base 8) to base 3
-10
-3 (base 15) to base 4
-3
Convert 3 (base 16) to base 15.
3
Convert -137 (base 9) to base 10.
-115
What is 210 (base 8) in base 2?
10001000
Convert 1 (base 2) to base 3.
1
What is -56 (base 8) in base 7?
-64
7 (base 16) to base 6
11
What is 7 (base 13) in base 4?
13
-2 (base 16) to base 14
-2
Convert 47 (base 16) to base 13.
56
2 (base 12) to base 14
2
Convert 31 (base 16) to base 10.
49
Convert 1012 (base 3) to base 12.
28
-8d (base 14) to base 6
-325
-59 (base 13) to base 14
-54
Convert -246 (base 11) to base 14.
-16c
What is -23 (base 5) in base 16?
-d
Convert 0 (base 11) to base 14.
0
-16 (base 15) to base 12
-19
What is 36 (base 12) in base 10?
42
What is -93 (base 11) in base 4?
-1212
Convert -b3 (base 12) to base 9.
-160
Convert -4 (base 8) to base 4.
-10
-20 (base 14) to base 15
-1d
What is 0 (base 7) in base 12?
0
What is -b3 (base 12) in base 11?
-113
2 (base 14) to base 5
2
Convert -61 (base 8) to base 11.
-45
Convert -63 (base 10) to base 11.
-58
33 (base 5) to base 3
200
-101100 (base 2) to base 4
-230
What is -a (base 13) in base 3?
-101
What is -2 (base 11) in base 13?
-2
2c (base 14) to base 9
44
24 (base 13) to base 16
1e
3a (base 14) to base 16
34
Convert 3 (base 15) to base 11.
3
-344 (base 8) to base 11
-198
What is 322 (base 4) in base 5?
213
Convert -220 (base 7) to base 14.
-80
What is 412 (base 6) in base 11?
129
What is 4 (base 12) in base 7?
4
8 (base 14) to base 11
8
What is -82 (base 15) in base 10?
-122
3 (base 9) to base 5
3
What is 13 (base 6) in base 3?
100
-a (base 13) to base 2
-1010
What is -7 (base 15) in base 5?
-12
12211 (base 3) to base 8
235
1000000 (base 2) to base 12
54
0 (base 12) to base 11
0
-441 (base 6) to base 11
-144
4 (base 9) to base 4
10
20221 (base 3) to base 9
227
Convert 1000001 (base 2) to base 9.
72
What is 32 (base 4) in base 10?
14
-11 (base 6) to base 3
-21
Convert 40 (base 10) to base 15.
2a
What is -1134 (base 6) in base 8?
-422
Convert 12 (base 8) to base 4.
22
44 (base 6) to base 9
31
-14 (base 6) to base 11
-a
What is -82 (base 14) in base 5?
-424
What is -405 (base 6) in base 16?
-95
What is -11000 (base 3) in base 6?
-300
203 (base 4) to base 15
25
-1000 (base 2) to base 8
-10
Convert 4 (base 11) to base 5.
4
What is 10 (base 6) in base 8?
6
1 (base 4) to base 3
1
What is 7 (base 9) in base 2?
111
2d (base 14) to base 11
38
Convert 0 (base 9) to base 15.
0
4 (base 16) to base 8
4
Convert -1044 (base 5) to base 10.
-149
What is -3 (base 11) in base 9?
-3
What is a (base 12) in base 4?
22
What is -13 (base 9) in base 10?
-12
What is -7 (base 14) in base 5?
-12
Convert 42 (base 7) to base 5.
110
Convert 100 (base 2) to base 9.
4
54 (base 7) to base 2
100111
Convert 202 (base 4) to base 16.
22
Convert 303 (base 5) to base 3.
2220
Convert -25 (base 7) to base 13.
-16
-37 (base 8) to base 14
-23
-3 (base 11) to base 5
-3
-4 (base 5) to base 9
-4
Convert 1 (base 8) to base 3.
1
Convert -a (base 15) to base 14.
-a
What is 1 (base 2) in base 11?
1
-1 (base 4) to base 14
-1
What is -15 (base 9) in base 4?
-